digit of h?
7
Let n(j) = -j**3 + 4*j**2 + 6*j - 2. Let x be n(5). Suppose -l = x*l - 20. What is the units digit of l?
5
Let z(x) = 12*x**2 - 10*x - 24. What is the tens digit of z(-4)?
0
Let t(c) = 11*c + 0*c - 4*c + 7*c. What is the units digit of t(1)?
4
Let g = 8 + -3. Suppose -5*p = -4*v + 73, 0*p - g = p. What is the units digit of v?
2
Let l(d) = -d**2 - 8*d - 6. Suppose -2*i - 3*f = 27, -3*i + 2*i - 16 = 2*f. Let h be l(i). Suppose 4*w = -3*n + 9 + 5, h = n + w. What is the tens digit of n?
1
Let x = 1 + 0. Suppose 4*f + 9 = -3. Let y = x - f. What is the units digit of y?
4
Suppose c + 15*s - 248 = 17*s, -s + 3 = 0. What is the hundreds digit of c?
2
Let p(l) be the second derivative of l**5/60 - l**4/12 - l**3/6 + l. Let q(g) be the second derivative of p(g). What is the units digit of q(2)?
2
Let n = -26 - -43. What is the tens digit of n?
1
Suppose -k - a = -62, 4*a + 216 = 3*k + 2. What is the units digit of k?
6
Let p(s) be the second derivative of 3*s**3/2 - s. What is the units digit of p(1)?
9
Suppose -7*g = -2*g + 75. What is the units digit of (-5)/(-2)*(-54)/g?
9
Suppose -2*i - 10 = -4*i. Let t = i + -1. What is the units digit of t?
4
Let z be 4*1*(-1)/2. What is the units digit of 2/4 - 1/z?
1
Let l = 30 - -32. What is the units digit of l?
2
Let p = 61 + -37. What is the tens digit of p?
2
Suppose 0 = 4*o - 50 + 38. What is the units digit of o?
3
Let d(o) be the first derivative of o**2/2 + 8*o - 1. Let y(w) = -w - 13. Let a be y(-7). What is the units digit of d(a)?
2
Let b(a) = 2*a**3 - 4*a**2 - 18*a + 9. What is the units digit of b(5)?
9
Suppose 5*j = -2*h - 0*h + 15, -4*h = 0. Suppose -j*t + 23 = v, -5*v + 0*t = -4*t - 115. What is the tens digit of v?
2
Suppose -84 = r - 4*r + 3*w, 3*w + 3 = 0. Let c = 52 - r. What is the units digit of c?
5
Let x be 5 - ((3 - 3) + 3). Let r be (-3 + 2/4)*x. What is the units digit of (r - -1 - -3)*-6?
6
Let u(l) = 2*l - 2. Suppose 3*c + 3*r = 12, 0 = 3*c - 2*r - 6 - 1. What is the units digit of u(c)?
4
Suppose -6*i + 64 = -2*i - 4*w, 0 = 4*i - 2*w - 54. What is the units digit of i?
1
Suppose -q + 4*r + 1 = 3*r, 5*q - 5 = -4*r. Let o be (-6)/12 + q/(-2). Let b = o - -6. What is the units digit of b?
5
Suppose -2*j - 5*m = -5*j - 31, 2*m = 4. What is the units digit of j - -9 - 1/(-1)?
3
Let d(f) = 2*f**2 + 4*f - 7. Suppose -2*g - 20 = -0*g + 2*v, -5*v = -g + 20. What is the units digit of d(g)?
3
Let d = -76 + 106. What is the tens digit of d?
3
Let b = -6 + 2. What is the units digit of (26/b)/((-3)/6)?
3
Suppose 3*m - 3*q - 630 = -2*m, -397 = -3*m - 2*q. What is the units digit of m?
9
Suppose 0 = -2*u - 3*u - 2*l + 57, 5*u - 49 = -4*l. What is the tens digit of u?
1
Let a be 105/(-14) + (-2)/4. Let w = 12 + a. What is the units digit of w?
4
Suppose -n - 3 = -2*n. Suppose -f + 81 = 2*c + 10, 0 = 4*c - n*f - 127. What is the tens digit of c?
3
Let h(i) = -186*i - 28. What is the tens digit of h(-2)?
4
What is the units digit of 0 + 26 + -2 + 3 + -5?
2
Let s(w) = 263*w**3 - 4*w**2 + 3*w + 1. What is the hundreds digit of s(1)?
2
Let t(j) = 5 + 8 + j**2 - 9 + 9*j - 3*j. Suppose 5*f + 20 = -5*n, 0*f + 3*n - 30 = 3*f. What is the units digit of t(f)?
1
Let i(s) = -22*s + 47. What is the units digit of i(-12)?
1
Suppose -86 + 18 = 2*a. Let n = -18 - a. What is the tens digit of n?
1
Let s(t) = t**2 + 8*t - 14. What is the units digit of s(-10)?
6
Let l(u) = 4*u - 2. What is the tens digit of l(9)?
3
Suppose 2*z + 7*s + 6 = 3*s, -z + 13 = -2*s. Suppose 3*f - 40 = -z*k, 6 = -4*f - 2*k + 36. What is the units digit of f?
5
Let d(s) = -16*s - 28. What is the units digit of d(-16)?
8
Let n be ((-15)/(-10))/((-2)/(-4)). What is the units digit of (n + 1)/(-8)*-10?
5
Suppose 0 = -5*c - 4*f + 1380, 4*c + c - 5*f = 1380. What is the units digit of c?
6
Let n be (-6 + 4)*86/(-4). Let u = n + -30. What is the units digit of u?
3
Let f = 0 - 0. Let o = 0 + f. Suppose 2*y - 4*y = -6, 2*t - 2*y - 14 = o. What is the tens digit of t?
1
Let s(t) be the third derivative of t**6/120 + t**5/10 - 7*t**4/24 - 5*t**3/6 + 3*t**2. Let y be s(-5). Suppose -y = -3*o - 13. What is the units digit of o?
4
Let p(d) = d**2 - 4*d + 2. What is the tens digit of p(-6)?
6
Let i = 7 - 1. Let d(q) = -2*q + 4. Let r be d(4). Let x = i + r. What is the units digit of x?
2
Suppose 8 = -d + 3*d. Suppose 0 = 3*c - d*f - 215, -247 = -3*c - 3*f - f. What is the tens digit of c/5 - 2/5?
1
Let s(c) = -7*c - 4. Let y(j) = j + 1. Let g(z) = s(z) + 6*y(z). What is the units digit of g(-6)?
8
Suppose -2*s - 175 = -7*s. What is the units digit of s?
5
Let j = 773 + -451. What is the tens digit of j?
2
Let s(l) = 2*l + 11. Let t be s(-8). Let h(a) = -a**3 - 4*a**2 + 2*a. What is the units digit of h(t)?
5
Let x(y) = 3*y**3 - y - 4. What is the units digit of x(3)?
4
Let o = -68 - -123. What is the tens digit of o?
5
Let l(r) = 3*r + 1. Let s be l(5). Suppose s = -q + 38. Suppose -n - k = -5*n + q, 4*n - 2*k = 24. What is the units digit of n?
5
What is the hundreds digit of 218 + -3 + 1 - -2?
2
Let c(p) be the third derivative of p**6/120 + p**5/10 + 7*p**4/24 - p**3/3 - 3*p**2. Let j be c(-5). What is the tens digit of -7*(-4)/(j/(-9))?
2
Let i(q) = 2*q**2 - 8*q + 6. What is the tens digit of i(5)?
1
Let y(g) = -31*g**3 - g**2 + 2*g - 1. Let w be y(1). Let t = -2 - w. What is the units digit of t?
9
Suppose -34 = a - 3*a. Suppose -3*o - 3*f = -24, -5*f + 1 = -3*o + a. What is the units digit of o?
7
Suppose 0 = -p - 7*p + 680. What is the tens digit of p?
8
Let n(l) = -l**2 + 2*l. Let r be n(3). Let q = 1 + r. What is the units digit of (2*q/(-4))/1?
1
Let j(b) = -4*b - 50. What is the units digit of j(-19)?
6
Suppose 5*w - 153 = 4*y - y, -2*w = -2*y - 62. What is the units digit of w?
0
Suppose 476 = 6*v - 226. What is the tens digit of v?
1
Let h(v) = -v**2 + 9. Let r(z) = 1. Let x(t) = -h(t) + 6*r(t). Let p be x(-3). Let g(i) = 2*i - 3. What is the units digit of g(p)?
9
Let s(a) = 35*a**2 + 12*a + 21. What is the tens digit of s(-2)?
3
Let t(f) be the second derivative of f**4/12 + 7*f**3/6 + 7*f**2/2 + f. What is the units digit of t(-7)?
7
Suppose 0 = 232*j - 233*j + 170. What is the units digit of j?
0
Suppose -2*k + 4 = 2*k. What is the units digit of k?
1
Let d = 6 + 87. What is the units digit of d?
3
Let i be 82/5 - 8/20. What is the tens digit of 9*(-4)/(-16)*i?
3
Suppose 8 + 608 = 7*i. What is the units digit of i?
8
Suppose -4*z + 42 = -22. Suppose -2*h + z + 20 = 0. What is the units digit of h?
8
Suppose 2*c = 4*c - 72. Let g = 56 - c. What is the tens digit of g?
2
Suppose -t + 5*t = -h, 0 = -3*t - 3. Suppose 3*f - 19 = -5*l, 3*f - 5*f = -h*l + 2. Suppose -b - 31 = -4*z, -f*b = 5*z - 0*b - 26. What is the units digit of z?
7
What is the hundreds digit of 139/((0 - 2)*(-2)/4)?
1
Suppose -n - 2*k - 6 = 0, -4*n - 5*k = 22 + 2. Let o = -1 - 0. What is the units digit of n*((-4)/(-6) + o)?
2
Let y be (48/(-14))/(6/147). Let a = -52 - y. What is the tens digit of a?
3
Let y(t) = -t**2 + 10*t - 4. Let u be y(9). Suppose 6*l - l - u = 0. What is the units digit of l?
1
Let k = 24 - 17. Let v = 11 - k. Suppose v*p - 9 = p. What is the units digit of p?
3
Suppose -625 = -14*b + 243. What is the tens digit of b?
6
Let c be (-2 - (-2 - -1))*39. Let p = 73 + c. What is the units digit of 1/2 - p/(-4)?
9
Let o = 2 - 13. Let c = o + 21. What is the units digit of (4/5)/(1/c)?
8
Let f(r) = 3*r - 34. Let i be f(14). Suppose 4 = -t + 3*t. What is the units digit of -3 + i*(t + -1)?
5
Let c = 146 - 40. What is the tens digit of c?
0
Suppose 0 = 5*l - 128 - 22. What is the tens digit of l?
3
Let q(r) be the first derivative of -r**2 - 10*r + 3. Let u be q(-7). Suppose -u*c + 60 = 5*g, g + 11 = 5*c - 35. What is the tens digit of c?
1
Let q(j) = 2*j - 5. Let w be q(4). Suppose -12 = -3*y - c, 8 = 3*y - y - w*c. What is the units digit of y?
4
Let f(r) = -r**3 - 2*r**2 + r - 3. Let y = -1 - 2. Let o = -6 - y. What is the units digit of f(o)?
3
Let y(m) = 7*m + 2. Let c be y(-6). Let w be (-2)/5 + (-136)/c. Suppose -1 - w = -q. What is the units digit of q?
4
Let q(y) = -5*y + 20. Let k(s) = -s + 5. Let x(c) = -9*k(c) + 2*q(c). Let d be x(-5). Suppose -u = -d*u - 1. What is the units digit of u?
1
Suppose 0 = -2*w + 4. Let m(v) = -